q**2 - q - 3. Let k be a(-5). Let w(y) = 3*y**k + y - 4*y + 2*y - 1. Let l = -3712 + 3711. Give w(l).
3
Suppose 0 = -4*m - 2*f - 6, 3*m - 3*f - 9 = 0. Let k(y) be the first derivative of 2 - 2*y + m - 155*y**2 + 153*y**2. Calculate k(-2).
6
Let f be (-3 - -1)/((-2)/(-2)). Let r = 4 + f. Let y(u) = 722*u + 2 + 3 - 365*u - 355*u - 6. Give y(r).
3
Let z(f) = -109 + 4*f**2 + 223 + 4*f - 3*f + 3*f - 109. Calculate z(3).
53
Suppose -17*s + 3*y + 56 = -24*s, -5*s = -5*y + 90. Let r(j) = 6*j**2 + 65*j + 3. Calculate r(s).
14
Let l = -188 - -189. Let z(c) be the first derivative of 5*c**2/2 - 2. Give z(l).
5
Suppose -384 = -b - 7*b. Let n = b + -47. Let k(g) = -2*g + n - 5*g + 1 + 0*g. Calculate k(-2).
16
Let a(w) = 2*w + 5. Let f(z) = 41 - 16 - 15 + 7*z - 4*z. Let b(m) = -7*a(m) + 4*f(m). Determine b(6).
-7
Let n be (1*10/(-6))/(1/(-9)). Suppose 2*c - n = w, 2*c + c = w + 20. Let z(g) = -g**3 + 4*g**2 + 6*g + 1. Give z(c).
6
Let x(u) = u**2 - 25*u + 75. Let j be x(4). Let n be (-1 + -1)*(-5)/(-2). Let q(f) = f - 6. Let d(l) = -3*l + 12. Let b(w) = n*q(w) - 2*d(w). What is b(j)?
-3
Let m(a) = 11 + 11 - 50 + 29 + 6 - a. Let q be (0/4)/3*1. Give m(q).
7
Let f(g) = 3*g**3 + 2*g - 5. Let a(l) = -2*l**3 + l**2 - 3*l + 5. Let j = 188 - 120. Let t = -65 + j. Let k(s) = t*f(s) + 4*a(s). Calculate k(-5).
10
Let t = -21 + 24. Suppose 2*r + t*k = -4, -2*r = -9*k + 13*k + 2. Let m(z) = 3*z + 7. Give m(r).
-8
Let m(h) = h**3 - h**2 - 12. Let b(i) = -3*i**3 + 10*i**2 - 3*i - 7. Let a(o) = b(o) + 2*m(o). Give a(7).
-3
Let w(z) = -8*z - 199. Let l be w(-28). Suppose 2*h = -f - 34, -4*h - 55 = -4*f + l. Let p(n) = n**2 + 18*n + 8. Calculate p(h).
8
Let d(v) = -2*v**2 + 47*v - 76. Let a be 7/(((-1071)/(-510))/(66/10)). Give d(a).
-10
Let i be (7/28)/((-49)/(-16) - 3). Let n(j) = -i - 89*j + 45*j + 43*j. Give n(-10).
6
Let b(w) = -8*w**2 - 12*w - 5. Let g(u) = 13*u**2 + 18*u + 7. Let j be (-2)/(-12) + (-217)/42. Let k(s) = j*g(s) - 8*b(s). What is k(8)?
-11
Let a(h) = 22*h**3 + 7*h**2 - 3*h + 5. Let k(n) = -10*n**3 - 3*n**2 + n - 2. Let g(j) = -3*a(j) - 7*k(j). Let l = -68 + 69. Give g(l).
5
Let a(k) = 112*k + 108. Let v be a(-1). Let o(f) = f**3 + 4*f**2 - 4*f + 6. What is o(v)?
22
Let q(o) be the third derivative of o**6/120 + 7*o**5/60 + o**4/8 + 13*o**3/6 + 600*o**2. What is q(-7)?
-8
Let i(s) = 2*s - s**2 + 4*s - 5 + 3*s. Suppose 4*m = -12 + 28. Suppose 0 = l - o - 4*o - 1, -3*o = m*l - 27. Calculate i(l).
13
Let u(x) = -1686 + 1696 + x + 3*x. What is u(-4)?
-6
Let n(t) = 2*t**3 + 17 + 9*t + 3*t**2 - t**3 - 6 + 6*t**2. Let l be 52*(7/(-14) + -1). Let j = l + 70. Give n(j).
3
Let j(a) be the second derivative of a**3/3 - 2*a**2 + 79*a. What is j(-7)?
-18
Let k(t) = 13*t - 2*t - 820 - 9*t + 798. Determine k(14).
6
Let y(t) = 8*t + 13 - t**3 - t**3 + t**3 + 9*t**2. Suppose -736 = -192*n + 1003 + 181. Calculate y(n).
-7
Let k(o) be the second derivative of -o**4/12 + 4*o**3/3 + 7*o**2 - 4776*o - 1. What is k(11)?
-19
Let b(c) be the third derivative of -c**5/12 - 10*c**4/3 + 2*c**3 + 1907*c**2 + 3*c. Give b(-16).
12
Let w(o) = 6*o + 10. Let c(m) = -5*m - 10. Let b(s) = 4*c(s) + 3*w(s). Suppose 378 - 420 = 4*i - 3*y, -25 = 3*i + y. Determine b(i).
8
Let j(f) = -f**2 + 8*f - 4. Let x(g) = -g**2 + 8*g + 29. Let z be x(9). Suppose 24 = -z*t + 23*t. Give j(t).
-4
Let c(j) = j**2 + 1 - 16*j - 9*j - 21*j + 50*j - 18*j. Give c(15).
16
Let i(s) be the first derivative of s**3 + 23*s**2/2 - 10*s + 12. Let q be i(-8). Let w(k) = -4*k**3 + 2*k**3 + 3 - 2*k**2 + k - 1. Calculate w(q).
8
Let h = 12 + -9. Let c(a) = 2*a**2 - 6. Let v be c(-2). Let n(m) = 30*m - 2*m**2 + m**v - 1 - 50*m + 23*m. Calculate n(h).
-1
Let a(m) = -m**2 + 15*m - 21. Let z(h) = -h + 1. Let k(y) = -a(y) - 2*z(y). Give k(13).
19
Let y(c) = -c**2 - 8*c + 14. Suppose 0 = l - 4*k + 7*k - 48, l = -5*k + 50. Let m be (-18)/(-27)*l/(-3). Give y(m).
-6
Let y(u) be the third derivative of -u**6/120 - 13*u**5/60 - u**4/24 - 11*u**3/6 + 5*u**2 - 10*u. Let q be y(-13). Let l(z) = 7*z - 3. Calculate l(q).
11
Suppose 2*h - 4*f - 6 = 0, -4*f + 0 = 4*h + 48. Let b be (68 - 2)*(-6)/(-12). Let p(i) = -i**3 + 27*i**2 - 8 + 5*i - b*i**2 - i. What is p(h)?
13
Let c(b) = -14*b**3 + 54*b**2 + 81*b - 25. Let u(v) = 11*v**3 - 41*v**2 - 61*v + 19. Let k(h) = -7*c(h) - 9*u(h). Determine k(-4).
-4
Let l(p) = -p**2 + 4*p + 77. Let x(u) = 43*u + 1731. Let q be x(-40). Calculate l(q).
0
Let w(p) = p**3 + 8*p**2 - 7*p + 11. Let c(n) be the second derivative of n**3/3 - 21*n**2/2 - 21*n. Let i be c(16). Suppose 0 = -i*m + 4*m - 63. What is w(m)?
-7
Let h = 100 - 96. Suppose 35 = -5*d + 10*d + 3*c, h*c - 28 = -4*d. Let z(o) = 137*o - 2 - 136*o - d. What is z(0)?
-9
Suppose 5*c = -3*s - 11, -7 = -s - 0*s + c. Let w(b) be the first derivative of 2*b**3/3 + 5*b**2/2 - 2*b - 87861. Calculate w(s).
31
Let d(f) be the third derivative of f**5/60 + f**4/4 - 2*f**3/3 - 21*f**2 - 341. Let c(s) = -2*s - 1. Let g be (-3)/6*0 + 3. Let p be c(g). What is d(p)?
3
Let h(z) = 0*z**3 + z**3 + 346*z**2 - 21*z**3 - 2*z + 1 - 344*z**2. Let p be 2 + (-24)/16*2/3. What is h(p)?
-19
Suppose -14*v = -3*v - 6*v - 35. Let l(y) = 4*y - 12. What is l(v)?
16
Suppose 3*i = -3*k + 15 - 0, 0 = -4*i - 5*k + 18. Let t(v) = -18 - 4*v + 56 - 22 + v**2 + v**3 - 18 + i*v. Calculate t(2).
16
Let k(z) be the first derivative of -3*z**2/2 + 32*z + 283. Calculate k(5).
17
Suppose 3*f - 30 = -4*z, 0 = 3*f - 4*f + 3*z - 3. Let o(i) = -6*i**2 + 3 - 138*i**3 - 2*i + 72*i**3 + 67*i**3. What is o(f)?
-9
Let m(w) = -57*w + 339. Let b be (78/(-13))/(12/(-16) - 1/4). Determine m(b).
-3
Suppose 4*p - 24*p - 80 = 0. Let g(o) = -3*o - 28. Calculate g(p).
-16
Let g(l) = -l**2 - 3*l + 6. Let i(h) = 4*h**2 - 21*h - 43. Let y be i(-2). Suppose 5*f - 3*u = -10, u = 10 - y. Determine g(f).
-4
Let p = -1 - -2. Let n(r) = -49*r**3 - 17*r**2 + 17*r + 27. Let o(y) = 10*y**3 + 3*y**2 - 3*y - 5. Let i(d) = 2*n(d) + 11*o(d). Determine i(p).
11
Let d(q) be the second derivative of -12*q**5/5 - q**4/4 - q**3/3 + q**2/2 - 2*q - 348. Give d(-1).
48
Let a(r) = r**2 + 6*r + 4. Let y = 5 + 9. Let o be (8/14)/(y/49). Suppose f + o*f + 4*u + 17 = 0, -f + 2*u = -1. Calculate a(f).
-5
Let f(m) = 3*m**2 + 12*m - 22. Let l(o) = o**2 + 7*o - 13. Let q(u) = 3*f(u) - 5*l(u). Let k = -2 + 3. Let w be 2*(2 - k) + -1. Give q(w).
4
Let z = 143 - 130. Let s be (-1)/(3/(-21))*z. Let y = s - 91. Let v(d) = d**2 + d - 1. What is v(y)?
-1
Let r(p) = 2*p**2 + 1. Let a = 2681 - 2687. Determine r(a).
73
Let f(w) = 6*w**3 + 1. Let c be f(-1). Let t be (-2)/5*c + 31. Let u(h) = t - 67 - h**2 + 43 + h. What is u(0)?
9
Let u(a) = -a**3 - 7*a**2 + 3*a + 16. Let c be u(-7). Let p be 30 - (0 + c + 4). Suppose 9 = 3*z, 2*x - p = -4*z - 13. Let n(k) = -3*k + 1. Calculate n(x).
-8
Suppose -17 + 25 = 70*f - 202. Let j(i) be the third derivative of 0*i - 14*i**2 + 1/24*i**4 - 1/3*i**f + 0. Determine j(3).
1
Suppose 960 = 26*g + 94*g. Let d(l) be the second derivative of l**3/3 - 5*l**2/2 + 5*l. Calculate d(g).
11
Suppose 0 = -10*w + 9392 - 9492. Let x(i) = i**3 + 12*i**2 + 9*i - i**2 - 4 - 5. Give x(w).
1
Let k(n) be the first derivative of 7*n**2/2 + 43*n + 7297. Determine k(-10).
-27
Let h(i) = -i**2 + 12*i + 6. Suppose 11*s = 1970 + 43. Let v = -175 + s. Give h(v).
38
Let u be (26/5 - 2)*-5. Let z = 46 - u. Let s(q) = 183*q - z*q - 63*q + 2 - 63*q. Give s(-2).
12
Let q(d) = 10*d + 22. Let n = 1380 + -1383. Give q(n).
-8
Let q(r) = -r - 2. Let o(g) be the first derivative of 7*g**2 - 24*g + 14. Let b be o(2). Suppose 5*d + 5 = 5*n, -b*n + d = -0*d + 2. Give q(n).
-1
Let i(f) = -30*f + 499. Let c be i(16). Let n(s) = -s**3 + 19*s**2 + s - 19. Determine n(c).
0
Suppose -3*k - 13*j + 15*j = -47, 4*k - 68 = 4*j. Let c(o) = 2*o**2 - 27*o + 3. What is c(k)?
-10
Let m(x) be the first derivative of -3*x**2 + 2*x - 2752. What is m(0)?
2
Suppose 6*q + 30 = q. Let n(m) = -58*m + 31*m - 36 + 37 + 29*m. Determine n(q).
-11
Let m(c) = c**2 - c + 1. Let x(y) = 5*y**2 + 8*y - 3. Let d(g) = -6*m(g) + x(g). Let i be d(12). Let a = 17 - i. Let b(o) = -2*o**2 + 2*o - 2. Determine b(a).
-6
Let s(l) = l**2 + 33*l - 1354. Let g be s(-57). Let r(j) = -j**3 + 13*j**2 + 12*j + 28. Determine r(g).
0
Let g(o) = -o**2 - 3. Let x(p) = -181*p**3 + 3*p**2 - p - 2. Let u be 